{"id":3951,"date":"2020-07-17T20:29:33","date_gmt":"2020-07-17T20:29:33","guid":{"rendered":"https:\/\/preussisch-stroehen.de\/web\/?page_id=3951"},"modified":"2020-08-05T19:47:19","modified_gmt":"2020-08-05T19:47:19","slug":"speukebusch","status":"publish","type":"page","link":"https:\/\/preussisch-stroehen.de\/web\/speukebusch\/","title":{"rendered":"Umweltbildung und Dorfprojekt &#8222;Am Speukebusch&#8220;"},"content":{"rendered":"\n<p>Das n\u00f6rdlichste Dorf NRW\u2019s ist mit seiner Parklandschaft ein h\u00e4ufiges Ziel f\u00fcr Touristen, speziell f\u00fcr Radfahrer. Das landschaftlich reizvolle Gel\u00e4nde \u201e<strong>Speukebusch<\/strong>\u201c spiegelt durch den Zusammenfluss der Gro\u00dfen und der Kleinen Aue in unmittelbarer N\u00e4he auch die historische Entwicklung der Ortschaft<br>Preu\u00dfisch Str\u00f6hen wider. Der Speukebusch wird das verbindende Element zwischen dem Ortskern und dem Freizeitgel\u00e4nde Aue Park. <\/p>\n\n\n\n<p>Zu den historischen Elementen geh\u00f6ren der Kirchsteg, der Niermann-Stein, das Freizeit- und Sportgel\u00e4nde Aue-Park, der Waldlehrpfad und weitere Objekte im<br>n\u00e4heren Bereich des Zusammenflusses. Sie sind Beispiele f\u00fcr gelebte aktive Gemeinschaft des Ortes. <\/p>\n\n\n\n<p>Der demographische Wandel ist auch in unserem Dorf sp\u00fcrbar. Dies ist ein Grund aktiv neue Projekte anzusto\u00dfen, die auch das Thema Erhaltung umfassen.<br>Bei vielen realisierten Projekten der Dorfgemeinschaft war es wichtig, jungen Familien ein attraktives sinnvolles Freizeitangebot zu bieten. Eine Realisierung<br>dieser Idee ist ein wichtiger Baustein f\u00fcr die Zukunft des Ortes.<\/p>\n\n\n\n<figure class=\"wp-block-image size-large\"><img loading=\"lazy\" decoding=\"async\" width=\"758\" height=\"662\" src=\"https:\/\/preussisch-stroehen.de\/web\/wp-content\/uploads\/2020\/08\/uebersicht_speukebusch1.jpg\" alt=\"\" class=\"wp-image-4036\" srcset=\"https:\/\/preussisch-stroehen.de\/web\/wp-content\/uploads\/2020\/08\/uebersicht_speukebusch1.jpg 758w, https:\/\/preussisch-stroehen.de\/web\/wp-content\/uploads\/2020\/08\/uebersicht_speukebusch1-300x262.jpg 300w, https:\/\/preussisch-stroehen.de\/web\/wp-content\/uploads\/2020\/08\/uebersicht_speukebusch1-676x590.jpg 676w\" sizes=\"auto, (max-width: 758px) 100vw, 758px\" \/><figcaption>Auszug geplanter Ma\u00dfnahmen zum Thema<br>Umweltbildung und Dorfprojekt &#8222;Am Speukebusch&#8220;<\/figcaption><\/figure>\n\n\n\n<figure class=\"wp-block-gallery columns-3 is-cropped wp-block-gallery-1 is-layout-flex wp-block-gallery-is-layout-flex\"><ul class=\"blocks-gallery-grid\"><li class=\"blocks-gallery-item\"><figure><img loading=\"lazy\" decoding=\"async\" width=\"258\" height=\"349\" src=\"https:\/\/preussisch-stroehen.de\/web\/wp-content\/uploads\/2020\/07\/baumscheibe.jpg\" alt=\"\" data-id=\"3971\" data-link=\"https:\/\/preussisch-stroehen.de\/web\/speukebusch\/baumscheibe\/\" class=\"wp-image-3971\" srcset=\"https:\/\/preussisch-stroehen.de\/web\/wp-content\/uploads\/2020\/07\/baumscheibe.jpg 258w, https:\/\/preussisch-stroehen.de\/web\/wp-content\/uploads\/2020\/07\/baumscheibe-222x300.jpg 222w\" sizes=\"auto, (max-width: 258px) 100vw, 258px\" \/><figcaption class=\"blocks-gallery-item__caption\">Baumscheibe<\/figcaption><\/figure><\/li><li class=\"blocks-gallery-item\"><figure><img loading=\"lazy\" decoding=\"async\" width=\"250\" height=\"183\" src=\"https:\/\/preussisch-stroehen.de\/web\/wp-content\/uploads\/2020\/07\/fuehlkasten.jpg\" alt=\"\" data-id=\"3972\" data-link=\"https:\/\/preussisch-stroehen.de\/web\/speukebusch\/fuehlkasten\/\" class=\"wp-image-3972\"\/><figcaption class=\"blocks-gallery-item__caption\">F\u00fchlkasten<\/figcaption><\/figure><\/li><li class=\"blocks-gallery-item\"><figure><img loading=\"lazy\" decoding=\"async\" width=\"250\" height=\"183\" src=\"https:\/\/preussisch-stroehen.de\/web\/wp-content\/uploads\/2020\/07\/sinnesliege.jpg\" alt=\"\" data-id=\"3973\" data-link=\"https:\/\/preussisch-stroehen.de\/web\/speukebusch\/sinnesliege\/\" class=\"wp-image-3973\"\/><figcaption class=\"blocks-gallery-item__caption\">Sinnesliege<\/figcaption><\/figure><\/li><li class=\"blocks-gallery-item\"><figure><img loading=\"lazy\" decoding=\"async\" width=\"258\" height=\"349\" src=\"https:\/\/preussisch-stroehen.de\/web\/wp-content\/uploads\/2020\/07\/insektenhotel.jpg\" alt=\"\" data-id=\"3977\" data-link=\"https:\/\/preussisch-stroehen.de\/web\/speukebusch\/insektenhotel\/\" class=\"wp-image-3977\" srcset=\"https:\/\/preussisch-stroehen.de\/web\/wp-content\/uploads\/2020\/07\/insektenhotel.jpg 258w, https:\/\/preussisch-stroehen.de\/web\/wp-content\/uploads\/2020\/07\/insektenhotel-222x300.jpg 222w\" sizes=\"auto, (max-width: 258px) 100vw, 258px\" \/><figcaption class=\"blocks-gallery-item__caption\">Insektenhotel<\/figcaption><\/figure><\/li><li class=\"blocks-gallery-item\"><figure><img loading=\"lazy\" decoding=\"async\" width=\"250\" height=\"183\" src=\"https:\/\/preussisch-stroehen.de\/web\/wp-content\/uploads\/2020\/07\/totholzhecke.jpg\" alt=\"\" data-id=\"3974\" data-link=\"https:\/\/preussisch-stroehen.de\/web\/speukebusch\/totholzhecke\/\" class=\"wp-image-3974\"\/><figcaption class=\"blocks-gallery-item__caption\">Totholzhecke<\/figcaption><\/figure><\/li><li class=\"blocks-gallery-item\"><figure><img loading=\"lazy\" decoding=\"async\" width=\"250\" height=\"183\" src=\"https:\/\/preussisch-stroehen.de\/web\/wp-content\/uploads\/2020\/07\/bluehstreifen.jpg\" alt=\"\" data-id=\"3975\" data-link=\"https:\/\/preussisch-stroehen.de\/web\/speukebusch\/bluehstreifen\/\" class=\"wp-image-3975\"\/><figcaption class=\"blocks-gallery-item__caption\">Bl\u00fchstreifen\/Blumenweise<\/figcaption><\/figure><\/li><li class=\"blocks-gallery-item\"><figure><img loading=\"lazy\" decoding=\"async\" width=\"1024\" height=\"768\" src=\"https:\/\/preussisch-stroehen.de\/web\/wp-content\/uploads\/2020\/07\/gedenkstein-1024x768.jpg\" alt=\"\" data-id=\"3978\" data-full-url=\"https:\/\/preussisch-stroehen.de\/web\/wp-content\/uploads\/2020\/07\/gedenkstein.jpg\" data-link=\"https:\/\/preussisch-stroehen.de\/web\/speukebusch\/gedenkstein\/\" class=\"wp-image-3978\" srcset=\"https:\/\/preussisch-stroehen.de\/web\/wp-content\/uploads\/2020\/07\/gedenkstein-1024x768.jpg 1024w, https:\/\/preussisch-stroehen.de\/web\/wp-content\/uploads\/2020\/07\/gedenkstein-300x225.jpg 300w, https:\/\/preussisch-stroehen.de\/web\/wp-content\/uploads\/2020\/07\/gedenkstein-768x576.jpg 768w, https:\/\/preussisch-stroehen.de\/web\/wp-content\/uploads\/2020\/07\/gedenkstein-676x507.jpg 676w, https:\/\/preussisch-stroehen.de\/web\/wp-content\/uploads\/2020\/07\/gedenkstein.jpg 1200w\" sizes=\"auto, (max-width: 1024px) 100vw, 1024px\" \/><figcaption class=\"blocks-gallery-item__caption\">Geschichtlicher Erinnerungsort<\/figcaption><\/figure><\/li><\/ul><figcaption class=\"blocks-gallery-caption\">Beispiele naturp\u00e4dagogischer Elemente<\/figcaption><\/figure>\n\n\n\n<figure class=\"wp-block-gallery columns-2 is-cropped wp-block-gallery-2 is-layout-flex wp-block-gallery-is-layout-flex\"><ul class=\"blocks-gallery-grid\"><li class=\"blocks-gallery-item\"><figure><img loading=\"lazy\" decoding=\"async\" width=\"276\" height=\"195\" src=\"https:\/\/preussisch-stroehen.de\/web\/wp-content\/uploads\/2020\/07\/gewaesserlandschaft.jpg\" alt=\"\" data-id=\"3980\" data-full-url=\"https:\/\/preussisch-stroehen.de\/web\/wp-content\/uploads\/2020\/07\/gewaesserlandschaft.jpg\" data-link=\"https:\/\/preussisch-stroehen.de\/web\/speukebusch\/gewaesserlandschaft\/\" class=\"wp-image-3980\"\/><figcaption class=\"blocks-gallery-item__caption\">Nachbarschaft zum Naturschutzgebiet <br>&#8222;Gew\u00e4sserlandschaft Gro\u00dfe Aue&#8220;<\/figcaption><\/figure><\/li><li class=\"blocks-gallery-item\"><figure><img loading=\"lazy\" decoding=\"async\" width=\"276\" height=\"195\" src=\"https:\/\/preussisch-stroehen.de\/web\/wp-content\/uploads\/2020\/07\/kirchsteg.jpg\" alt=\"\" data-id=\"3981\" data-full-url=\"https:\/\/preussisch-stroehen.de\/web\/wp-content\/uploads\/2020\/07\/kirchsteg.jpg\" data-link=\"https:\/\/preussisch-stroehen.de\/web\/speukebusch\/kirchsteg\/\" class=\"wp-image-3981\"\/><figcaption class=\"blocks-gallery-item__caption\">Radweg Ra10 f\u00fchrt auf dem <br>Kirchsteg \u00fcber die Aue<\/figcaption><\/figure><\/li><\/ul><\/figure>\n\n\n\n<p>Durch die Umgestaltung und Erhaltung des Speukebuschs sollen f\u00fcr die Dorfgemeinschaft diese Ziele erreicht werden:<\/p>\n\n\n\n<div class=\"wp-block-columns is-layout-flex wp-container-core-columns-is-layout-1 wp-block-columns-is-layout-flex\">\n<div class=\"wp-block-column is-layout-flow wp-block-column-is-layout-flow\">\n<ul class=\"wp-block-list\"><li>Schaffung eines attraktiven, ortsnahen Naherholungsgebiets<\/li><li>Aktivierung, F\u00f6rderung und St\u00e4rkung der Dorfgemeinschaft<\/li><li>Erhaltung des alten Baumbestandes<\/li><li>Bildungsangebot f\u00fcr Schulen und Familien<\/li><li>Barrierefreie und generationen\u00fcbergreifende Nutzungsm\u00f6glichkeiten<\/li><li>Einbindung in dei Urlaubsregion D\u00fcmmer<\/li><\/ul>\n<\/div>\n\n\n\n<div class=\"wp-block-column is-layout-flow wp-block-column-is-layout-flow\">\n<ul class=\"wp-block-list\"><li>Erh\u00f6hung der Attraktivit\u00e4t des Radtourismus: Radweg Ra10<\/li><li>Erhalt und Aufwertung des geschichtlichen Erinnerungsortes<\/li><li>Bereitstellung von Informationen zur fast 800-j\u00e4hrigen Dorfgeschichte<\/li><li>Bewahrung des naturnahen Raumes<\/li><li>Verbindung zum Naturschutzgebiet &#8222;Gew\u00e4sserlandschaft Gro\u00dfe Aue&#8220;<\/li><\/ul>\n\n\n\n<p><\/p>\n<\/div>\n<\/div>\n\n\n\n<p><strong>Mitwirkende des Projektes &#8222;Am Speukebusch&#8220;<\/strong><\/p>\n\n\n\n<p><strong>Aktive und Partner:<\/strong><\/p>\n\n\n\n<ul class=\"wp-block-list\"><li>Dorfgemeinschaft Pr. Str\u00f6hen<\/li><li>Grundschule Pr. Str\u00f6hen<\/li><li>F\u00f6rderverein Kindergarten \/ Grundschule Pr. Str\u00f6hen e.V.<\/li><li>Kirchengemeinde Pr. Str\u00f6hen<\/li><li>Werbegemeinschaft Pr. Str\u00f6hen e.V.<\/li><li>Heimatfreunde Pr. Str\u00f6hen e.V.<\/li><li>Fischereiverein der Stadt Rahden und Umgebung e.V.<\/li><li>Landw.-Orstverein Pr. Str\u00f6hen<\/li><li>Orstverein Kameradschaft ehemaliger soldaten<\/li><li>Stadt Rahden<\/li><li>B\u00fcrgerstiftung Pr. Str\u00f6hen<\/li><\/ul>\n\n\n\n<p><strong>Ansprechpartner:<\/strong><\/p>\n\n\n\n<p>Werner Sander, Friedrich Sander, Hans Junchen, Bianca Winkelmann<\/p>\n\n\n\n<p><strong>Ein F\u00f6rderprogramm des Landes NRW f\u00fcr Dorferneuerung\/Dorfentwicklung des Ministeriums f\u00fcr Heimat, Kommunales, Bau und Gleichstellung.<\/strong><\/p>\n\n\n\n<p><\/p>\n\n\n\n<p><a href=\"https:\/\/preussisch-stroehen.de\/web\/tag\/speukebusch\/\">#Speukebusch<\/a>  <a href=\"https:\/\/preussisch-stroehen.de\/web\/tag\/grundschule\/\">#Grundschule<\/a> <a href=\"https:\/\/preussisch-stroehen.de\/web\/tag\/foerderverein\/\">#F\u00f6rderverein<\/a> <a href=\"https:\/\/preussisch-stroehen.de\/web\/tag\/kirche\/\">#Kirche<\/a> <a href=\"https:\/\/preussisch-stroehen.de\/web\/tag\/dorfgemeinschaft\/\">#Dorfgemeinschaft<\/a> <a href=\"https:\/\/preussisch-stroehen.de\/web\/tag\/werbegemeinschaft\/\">#Werbegemeinschaft<\/a> <a href=\"https:\/\/preussisch-stroehen.de\/web\/tag\/heimatfreunde\/\">#Heimatfreunde<\/a> <a href=\"https:\/\/preussisch-stroehen.de\/web\/tag\/buergerstiftung\/\">#B\u00fcrgerstiftung<\/a><\/p>\n\n\n\n<p><\/p>\n","protected":false},"excerpt":{"rendered":"<p>Das n\u00f6rdlichste Dorf NRW\u2019s ist mit seiner Parklandschaft ein h\u00e4ufiges Ziel f\u00fcr Touristen, speziell f\u00fcr Radfahrer. Das landschaftlich reizvolle Gel\u00e4nde \u201eSpeukebusch\u201c spiegelt durch den Zusammenfluss der Gro\u00dfen und der Kleinen Aue in unmittelbarer N\u00e4he auch die historische Entwicklung der OrtschaftPreu\u00dfisch Str\u00f6hen wider. Der Speukebusch wird das verbindende Element zwischen dem Ortskern und dem Freizeitgel\u00e4nde Aue [&hellip;]<\/p>\n","protected":false},"author":1,"featured_media":0,"parent":0,"menu_order":0,"comment_status":"closed","ping_status":"closed","template":"","meta":{"footnotes":""},"class_list":["post-3951","page","type-page","status-publish","hentry","post-preview"],"jetpack_sharing_enabled":true,"_links":{"self":[{"href":"https:\/\/preussisch-stroehen.de\/web\/wp-json\/wp\/v2\/pages\/3951","targetHints":{"allow":["GET"]}}],"collection":[{"href":"https:\/\/preussisch-stroehen.de\/web\/wp-json\/wp\/v2\/pages"}],"about":[{"href":"https:\/\/preussisch-stroehen.de\/web\/wp-json\/wp\/v2\/types\/page"}],"author":[{"embeddable":true,"href":"https:\/\/preussisch-stroehen.de\/web\/wp-json\/wp\/v2\/users\/1"}],"replies":[{"embeddable":true,"href":"https:\/\/preussisch-stroehen.de\/web\/wp-json\/wp\/v2\/comments?post=3951"}],"version-history":[{"count":9,"href":"https:\/\/preussisch-stroehen.de\/web\/wp-json\/wp\/v2\/pages\/3951\/revisions"}],"predecessor-version":[{"id":4038,"href":"https:\/\/preussisch-stroehen.de\/web\/wp-json\/wp\/v2\/pages\/3951\/revisions\/4038"}],"wp:attachment":[{"href":"https:\/\/preussisch-stroehen.de\/web\/wp-json\/wp\/v2\/media?parent=3951"}],"curies":[{"name":"wp","href":"https:\/\/api.w.org\/{rel}","templated":true}]}}

<p>Das nördlichste Dorf NRW’s ist mit seiner Parklandschaft ein häufiges Ziel für Touristen, speziell für Radfahrer. Das landschaftlich reizvolle Gelände „<strong>Speukebusch</strong>“ spiegelt durch den Zusammenfluss der Großen und der Kleinen Aue in unmittelbarer Nähe auch die historische Entwicklung der Ortschaft<br>Preußisch Ströhen wider. Der Speukebusch wird das verbindende Element zwischen dem Ortskern und dem Freizeitgelände Aue Park. </p>



<p>Zu den historischen Elementen gehören der Kirchsteg, der Niermann-Stein, das Freizeit- und Sportgelände Aue-Park, der Waldlehrpfad und weitere Objekte im<br>näheren Bereich des Zusammenflusses. Sie sind Beispiele für gelebte aktive Gemeinschaft des Ortes. </p>



<p>Der demographische Wandel ist auch in unserem Dorf spürbar. Dies ist ein Grund aktiv neue Projekte anzustoßen, die auch das Thema Erhaltung umfassen.<br>Bei vielen realisierten Projekten der Dorfgemeinschaft war es wichtig, jungen Familien ein attraktives sinnvolles Freizeitangebot zu bieten. Eine Realisierung<br>dieser Idee ist ein wichtiger Baustein für die Zukunft des Ortes.</p>



<figure class="wp-block-image size-large"><img loading="lazy" decoding="async" width="758" height="662" src="https://preussisch-stroehen.de/web/wp-content/uploads/2020/08/uebersicht_speukebusch1.jpg" alt="" class="wp-image-4036" srcset="https://preussisch-stroehen.de/web/wp-content/uploads/2020/08/uebersicht_speukebusch1.jpg 758w, https://preussisch-stroehen.de/web/wp-content/uploads/2020/08/uebersicht_speukebusch1-300x262.jpg 300w, https://preussisch-stroehen.de/web/wp-content/uploads/2020/08/uebersicht_speukebusch1-676x590.jpg 676w" sizes="auto, (max-width: 758px) 100vw, 758px" /><figcaption>Auszug geplanter Maßnahmen zum Thema<br>Umweltbildung und Dorfprojekt &#8222;Am Speukebusch&#8220;</figcaption></figure>



<figure class="wp-block-gallery columns-3 is-cropped wp-block-gallery-1 is-layout-flex wp-block-gallery-is-layout-flex"><ul class="blocks-gallery-grid"><li class="blocks-gallery-item"><figure><img loading="lazy" decoding="async" width="258" height="349" src="https://preussisch-stroehen.de/web/wp-content/uploads/2020/07/baumscheibe.jpg" alt="" data-id="3971" data-link="https://preussisch-stroehen.de/web/speukebusch/baumscheibe/" class="wp-image-3971" srcset="https://preussisch-stroehen.de/web/wp-content/uploads/2020/07/baumscheibe.jpg 258w, https://preussisch-stroehen.de/web/wp-content/uploads/2020/07/baumscheibe-222x300.jpg 222w" sizes="auto, (max-width: 258px) 100vw, 258px" /><figcaption class="blocks-gallery-item__caption">Baumscheibe</figcaption></figure></li><li class="blocks-gallery-item"><figure><img loading="lazy" decoding="async" width="250" height="183" src="https://preussisch-stroehen.de/web/wp-content/uploads/2020/07/fuehlkasten.jpg" alt="" data-id="3972" data-link="https://preussisch-stroehen.de/web/speukebusch/fuehlkasten/" class="wp-image-3972"/><figcaption class="blocks-gallery-item__caption">Fühlkasten</figcaption></figure></li><li class="blocks-gallery-item"><figure><img loading="lazy" decoding="async" width="250" height="183" src="https://preussisch-stroehen.de/web/wp-content/uploads/2020/07/sinnesliege.jpg" alt="" data-id="3973" data-link="https://preussisch-stroehen.de/web/speukebusch/sinnesliege/" class="wp-image-3973"/><figcaption class="blocks-gallery-item__caption">Sinnesliege</figcaption></figure></li><li class="blocks-gallery-item"><figure><img loading="lazy" decoding="async" width="258" height="349" src="https://preussisch-stroehen.de/web/wp-content/uploads/2020/07/insektenhotel.jpg" alt="" data-id="3977" data-link="https://preussisch-stroehen.de/web/speukebusch/insektenhotel/" class="wp-image-3977" srcset="https://preussisch-stroehen.de/web/wp-content/uploads/2020/07/insektenhotel.jpg 258w, https://preussisch-stroehen.de/web/wp-content/uploads/2020/07/insektenhotel-222x300.jpg 222w" sizes="auto, (max-width: 258px) 100vw, 258px" /><figcaption class="blocks-gallery-item__caption">Insektenhotel</figcaption></figure></li><li class="blocks-gallery-item"><figure><img loading="lazy" decoding="async" width="250" height="183" src="https://preussisch-stroehen.de/web/wp-content/uploads/2020/07/totholzhecke.jpg" alt="" data-id="3974" data-link="https://preussisch-stroehen.de/web/speukebusch/totholzhecke/" class="wp-image-3974"/><figcaption class="blocks-gallery-item__caption">Totholzhecke</figcaption></figure></li><li class="blocks-gallery-item"><figure><img loading="lazy" decoding="async" width="250" height="183" src="https://preussisch-stroehen.de/web/wp-content/uploads/2020/07/bluehstreifen.jpg" alt="" data-id="3975" data-link="https://preussisch-stroehen.de/web/speukebusch/bluehstreifen/" class="wp-image-3975"/><figcaption class="blocks-gallery-item__caption">Blühstreifen/Blumenweise</figcaption></figure></li><li class="blocks-gallery-item"><figure><img loading="lazy" decoding="async" width="1024" height="768" src="https://preussisch-stroehen.de/web/wp-content/uploads/2020/07/gedenkstein-1024x768.jpg" alt="" data-id="3978" data-full-url="https://preussisch-stroehen.de/web/wp-content/uploads/2020/07/gedenkstein.jpg" data-link="https://preussisch-stroehen.de/web/speukebusch/gedenkstein/" class="wp-image-3978" srcset="https://preussisch-stroehen.de/web/wp-content/uploads/2020/07/gedenkstein-1024x768.jpg 1024w, https://preussisch-stroehen.de/web/wp-content/uploads/2020/07/gedenkstein-300x225.jpg 300w, https://preussisch-stroehen.de/web/wp-content/uploads/2020/07/gedenkstein-768x576.jpg 768w, https://preussisch-stroehen.de/web/wp-content/uploads/2020/07/gedenkstein-676x507.jpg 676w, https://preussisch-stroehen.de/web/wp-content/uploads/2020/07/gedenkstein.jpg 1200w" sizes="auto, (max-width: 1024px) 100vw, 1024px" /><figcaption class="blocks-gallery-item__caption">Geschichtlicher Erinnerungsort</figcaption></figure></li></ul><figcaption class="blocks-gallery-caption">Beispiele naturpädagogischer Elemente</figcaption></figure>



<figure class="wp-block-gallery columns-2 is-cropped wp-block-gallery-2 is-layout-flex wp-block-gallery-is-layout-flex"><ul class="blocks-gallery-grid"><li class="blocks-gallery-item"><figure><img loading="lazy" decoding="async" width="276" height="195" src="https://preussisch-stroehen.de/web/wp-content/uploads/2020/07/gewaesserlandschaft.jpg" alt="" data-id="3980" data-full-url="https://preussisch-stroehen.de/web/wp-content/uploads/2020/07/gewaesserlandschaft.jpg" data-link="https://preussisch-stroehen.de/web/speukebusch/gewaesserlandschaft/" class="wp-image-3980"/><figcaption class="blocks-gallery-item__caption">Nachbarschaft zum Naturschutzgebiet <br>&#8222;Gewässerlandschaft Große Aue&#8220;</figcaption></figure></li><li class="blocks-gallery-item"><figure><img loading="lazy" decoding="async" width="276" height="195" src="https://preussisch-stroehen.de/web/wp-content/uploads/2020/07/kirchsteg.jpg" alt="" data-id="3981" data-full-url="https://preussisch-stroehen.de/web/wp-content/uploads/2020/07/kirchsteg.jpg" data-link="https://preussisch-stroehen.de/web/speukebusch/kirchsteg/" class="wp-image-3981"/><figcaption class="blocks-gallery-item__caption">Radweg Ra10 führt auf dem <br>Kirchsteg über die Aue</figcaption></figure></li></ul></figure>



<p>Durch die Umgestaltung und Erhaltung des Speukebuschs sollen für die Dorfgemeinschaft diese Ziele erreicht werden:</p>



<div class="wp-block-columns is-layout-flex wp-container-core-columns-is-layout-1 wp-block-columns-is-layout-flex">
<div class="wp-block-column is-layout-flow wp-block-column-is-layout-flow">
<ul class="wp-block-list"><li>Schaffung eines attraktiven, ortsnahen Naherholungsgebiets</li><li>Aktivierung, Förderung und Stärkung der Dorfgemeinschaft</li><li>Erhaltung des alten Baumbestandes</li><li>Bildungsangebot für Schulen und Familien</li><li>Barrierefreie und generationenübergreifende Nutzungsmöglichkeiten</li><li>Einbindung in dei Urlaubsregion Dümmer</li></ul>
</div>



<div class="wp-block-column is-layout-flow wp-block-column-is-layout-flow">
<ul class="wp-block-list"><li>Erhöhung der Attraktivität des Radtourismus: Radweg Ra10</li><li>Erhalt und Aufwertung des geschichtlichen Erinnerungsortes</li><li>Bereitstellung von Informationen zur fast 800-jährigen Dorfgeschichte</li><li>Bewahrung des naturnahen Raumes</li><li>Verbindung zum Naturschutzgebiet &#8222;Gewässerlandschaft Große Aue&#8220;</li></ul>



<p></p>
</div>
</div>



<p><strong>Mitwirkende des Projektes &#8222;Am Speukebusch&#8220;</strong></p>



<p><strong>Aktive und Partner:</strong></p>



<ul class="wp-block-list"><li>Dorfgemeinschaft Pr. Ströhen</li><li>Grundschule Pr. Ströhen</li><li>Förderverein Kindergarten / Grundschule Pr. Ströhen e.V.</li><li>Kirchengemeinde Pr. Ströhen</li><li>Werbegemeinschaft Pr. Ströhen e.V.</li><li>Heimatfreunde Pr. Ströhen e.V.</li><li>Fischereiverein der Stadt Rahden und Umgebung e.V.</li><li>Landw.-Orstverein Pr. Ströhen</li><li>Orstverein Kameradschaft ehemaliger soldaten</li><li>Stadt Rahden</li><li>Bürgerstiftung Pr. Ströhen</li></ul>



<p><strong>Ansprechpartner:</strong></p>



<p>Werner Sander, Friedrich Sander, Hans Junchen, Bianca Winkelmann</p>



<p><strong>Ein Förderprogramm des Landes NRW für Dorferneuerung/Dorfentwicklung des Ministeriums für Heimat, Kommunales, Bau und Gleichstellung.</strong></p>



<p></p>



<p><a href="https://preussisch-stroehen.de/web/tag/speukebusch/">#Speukebusch</a>  <a href="https://preussisch-stroehen.de/web/tag/grundschule/">#Grundschule</a> <a href="https://preussisch-stroehen.de/web/tag/foerderverein/">#Förderverein</a> <a href="https://preussisch-stroehen.de/web/tag/kirche/">#Kirche</a> <a href="https://preussisch-stroehen.de/web/tag/dorfgemeinschaft/">#Dorfgemeinschaft</a> <a href="https://preussisch-stroehen.de/web/tag/werbegemeinschaft/">#Werbegemeinschaft</a> <a href="https://preussisch-stroehen.de/web/tag/heimatfreunde/">#Heimatfreunde</a> <a href="https://preussisch-stroehen.de/web/tag/buergerstiftung/">#Bürgerstiftung</a></p>



<p></p>

<p>Das nördlichste Dorf NRW’s ist mit seiner Parklandschaft ein häufiges Ziel für Touristen, speziell für Radfahrer. Das landschaftlich reizvolle Gelände „Speukebusch“ spiegelt durch den Zusammenfluss der Großen und der Kleinen Aue in unmittelbarer Nähe auch die historische Entwicklung der OrtschaftPreußisch Ströhen wider. Der Speukebusch wird das verbindende Element zwischen dem Ortskern und dem Freizeitgelände Aue [&hellip;]</p>
